{"id":6257,"date":"2024-10-16T12:08:24","date_gmt":"2024-10-16T10:08:24","guid":{"rendered":"http:\/\/altisk-versend.edu.hu\/weboldal\/?page_id=6257"},"modified":"2025-06-16T19:16:15","modified_gmt":"2025-06-16T17:16:15","slug":"2024-25-os-tanev","status":"publish","type":"page","link":"http:\/\/altisk-versend.edu.hu\/weboldal\/?page_id=6257","title":{"rendered":"2024\/25-\u00f6s tan\u00e9v"},"content":{"rendered":"\n<div class=\"ngg-albumoverview\">\n            <div class=\"ngg-album-compact\">\n            <div class=\"ngg-album-compactbox\">\n                <div class=\"ngg-album-link\">\n                                        <a title='Eur\u00f3pai Di\u00e1ksportNap'\n                       href='http:\/\/altisk-versend.edu.hu\/weboldal\/index.php\/nggallery\/2024-25-os-tanev\/europai-diaksportnap?page_id=6257'>\n                        <img class=\"Thumb\"\n                             alt=\"Eur\u00f3pai Di\u00e1ksportNap\"\n                             src=\"http:\/\/altisk-versend.edu.hu\/weboldal\/wp-content\/gallery\/europai-diaksportnap\/cache\/461473157_2645473432302416_2112476677934448396_n.jpg-nggid044577-ngg0dyn-240x160x100-00f0w010c011r110f110r010t010.jpg\"\/>\n                    <\/a>\n                                    <\/div>\n            <\/div>\n                        <h4>\n                <a class='ngg-album-desc' title='Eur\u00f3pai Di\u00e1ksportNap'\n                       href='http:\/\/altisk-versend.edu.hu\/weboldal\/index.php\/nggallery\/2024-25-os-tanev\/europai-diaksportnap?page_id=6257'style=\"max-width: 260px\">Eur\u00f3pai Di\u00e1ksportNap<\/a>\n            <\/h4>\n            <p class=\"ngg-album-gallery-image-counter\">\n                                    <strong>19<\/strong>&nbsp;F\u00e9nyk\u00e9p                            <\/p>\n        <\/div>\n            <div class=\"ngg-album-compact\">\n            <div class=\"ngg-album-compactbox\">\n                <div class=\"ngg-album-link\">\n                                        <a title='Eg\u00e9szs\u00e9gnap2024'\n                       href='http:\/\/altisk-versend.edu.hu\/weboldal\/index.php\/nggallery\/2024-25-os-tanev\/egeszsegnap2024?page_id=6257'>\n                        <img class=\"Thumb\"\n                             alt=\"Eg\u00e9szs\u00e9gnap2024\"\n                             src=\"http:\/\/altisk-versend.edu.hu\/weboldal\/wp-content\/gallery\/egeszsegnap2024\/cache\/DSC02893.JPG-nggid044600-ngg0dyn-240x160x100-00f0w010c011r110f110r010t010.JPG\"\/>\n                    <\/a>\n                                    <\/div>\n            <\/div>\n                        <h4>\n                <a class='ngg-album-desc' title='Eg\u00e9szs\u00e9gnap2024'\n                       href='http:\/\/altisk-versend.edu.hu\/weboldal\/index.php\/nggallery\/2024-25-os-tanev\/egeszsegnap2024?page_id=6257'style=\"max-width: 260px\">Eg\u00e9szs\u00e9gnap2024<\/a>\n            <\/h4>\n            <p class=\"ngg-album-gallery-image-counter\">\n                                    <strong>45<\/strong>&nbsp;F\u00e9nyk\u00e9p                            <\/p>\n        <\/div>\n            <div class=\"ngg-album-compact\">\n            <div class=\"ngg-album-compactbox\">\n                <div class=\"ngg-album-link\">\n                                        <a title='Farsangi b\u00e1l'\n                       href='http:\/\/altisk-versend.edu.hu\/weboldal\/index.php\/nggallery\/2024-25-os-tanev\/farsangi-bal-2026?page_id=6257'>\n                        <img class=\"Thumb\"\n                             alt=\"Farsangi b\u00e1l\"\n                             src=\"http:\/\/altisk-versend.edu.hu\/weboldal\/wp-content\/gallery\/farsangi-bal-2024\/cache\/480190100_2766668970182861_8124285062648542097_n.jpg-nggid044644-ngg0dyn-240x160x100-00f0w010c011r110f110r010t010.jpg\"\/>\n                    <\/a>\n                                    <\/div>\n            <\/div>\n                        <h4>\n                <a class='ngg-album-desc' title='Farsangi b\u00e1l'\n                       href='http:\/\/altisk-versend.edu.hu\/weboldal\/index.php\/nggallery\/2024-25-os-tanev\/farsangi-bal-2026?page_id=6257'style=\"max-width: 260px\">Farsangi b\u00e1l<\/a>\n            <\/h4>\n            <p class=\"ngg-album-gallery-image-counter\">\n                                    <strong>39<\/strong>&nbsp;F\u00e9nyk\u00e9p                            <\/p>\n        <\/div>\n            <div class=\"ngg-album-compact\">\n            <div class=\"ngg-album-compactbox\">\n                <div class=\"ngg-album-link\">\n                                        <a title='B\u00fas\u00f3nap 2025'\n                       href='http:\/\/altisk-versend.edu.hu\/weboldal\/index.php\/nggallery\/2024-25-os-tanev\/busonap-2025?page_id=6257'>\n                        <img class=\"Thumb\"\n                             alt=\"B\u00fas\u00f3nap 2025\"\n                             src=\"http:\/\/altisk-versend.edu.hu\/weboldal\/wp-content\/gallery\/busonap-2025\/cache\/480516804_2771106866405738_6389779079811119537_n.jpg-nggid044681-ngg0dyn-240x160x100-00f0w010c011r110f110r010t010.jpg\"\/>\n                    <\/a>\n                                    <\/div>\n            <\/div>\n                        <h4>\n                <a class='ngg-album-desc' title='B\u00fas\u00f3nap 2025'\n                       href='http:\/\/altisk-versend.edu.hu\/weboldal\/index.php\/nggallery\/2024-25-os-tanev\/busonap-2025?page_id=6257'style=\"max-width: 260px\">B\u00fas\u00f3nap 2025<\/a>\n            <\/h4>\n            <p class=\"ngg-album-gallery-image-counter\">\n                                    <strong>31<\/strong>&nbsp;F\u00e9nyk\u00e9p                            <\/p>\n        <\/div>\n            <div class=\"ngg-album-compact\">\n            <div class=\"ngg-album-compactbox\">\n                <div class=\"ngg-album-link\">\n                                        <a title='Matematika verseny'\n                       href='http:\/\/altisk-versend.edu.hu\/weboldal\/index.php\/nggallery\/2024-25-os-tanev\/matematika-verseny-3?page_id=6257'>\n                        <img class=\"Thumb\"\n                             alt=\"Matematika verseny\"\n                             src=\"http:\/\/altisk-versend.edu.hu\/weboldal\/wp-content\/gallery\/matematika-verseny-1\/cache\/484572229_2794107504105674_7722542875344205825_n.jpg-nggid044713-ngg0dyn-240x160x100-00f0w010c011r110f110r010t010.jpg\"\/>\n                    <\/a>\n                                    <\/div>\n            <\/div>\n                        <h4>\n                <a class='ngg-album-desc' title='Matematika verseny'\n                       href='http:\/\/altisk-versend.edu.hu\/weboldal\/index.php\/nggallery\/2024-25-os-tanev\/matematika-verseny-3?page_id=6257'style=\"max-width: 260px\">Matematika verseny<\/a>\n            <\/h4>\n            <p class=\"ngg-album-gallery-image-counter\">\n                                    <strong>19<\/strong>&nbsp;F\u00e9nyk\u00e9p                            <\/p>\n        <\/div>\n            <div class=\"ngg-album-compact\">\n            <div class=\"ngg-album-compactbox\">\n                <div class=\"ngg-album-link\">\n                                        <a title='Any\u00e1k napja'\n                       href='http:\/\/altisk-versend.edu.hu\/weboldal\/index.php\/nggallery\/2024-25-os-tanev\/anyak-napja-5?page_id=6257'>\n                        <img class=\"Thumb\"\n                             alt=\"Any\u00e1k napja\"\n                             src=\"http:\/\/altisk-versend.edu.hu\/weboldal\/wp-content\/gallery\/anyak-napja-3\/cache\/495521302_2850077561842001_3319715354560610915_n.jpg-nggid044785-ngg0dyn-240x160x100-00f0w010c011r110f110r010t010.jpg\"\/>\n                    <\/a>\n                                    <\/div>\n            <\/div>\n                        <h4>\n                <a class='ngg-album-desc' title='Any\u00e1k napja'\n                       href='http:\/\/altisk-versend.edu.hu\/weboldal\/index.php\/nggallery\/2024-25-os-tanev\/anyak-napja-5?page_id=6257'style=\"max-width: 260px\">Any\u00e1k napja<\/a>\n            <\/h4>\n            <p class=\"ngg-album-gallery-image-counter\">\n                                    <strong>7<\/strong>&nbsp;F\u00e9nyk\u00e9p                            <\/p>\n        <\/div>\n            <div class=\"ngg-album-compact\">\n            <div class=\"ngg-album-compactbox\">\n                <div class=\"ngg-album-link\">\n                                        <a title='Fenntarthat\u00f3s\u00e1gi t\u00e9mah\u00e9t '\n                       href='http:\/\/altisk-versend.edu.hu\/weboldal\/index.php\/nggallery\/2024-25-os-tanev\/fenntarthatosagi-temahet-2?page_id=6257'>\n                        <img class=\"Thumb\"\n                             alt=\"Fenntarthat\u00f3s\u00e1gi t\u00e9mah\u00e9t \"\n                             src=\"http:\/\/altisk-versend.edu.hu\/weboldal\/wp-content\/gallery\/fenntarthatosagi-temahet-1\/cache\/490002606_2822551777927913_8773756230973393927_n.jpg-nggid044731-ngg0dyn-240x160x100-00f0w010c011r110f110r010t010.jpg\"\/>\n                    <\/a>\n                                    <\/div>\n            <\/div>\n                        <h4>\n                <a class='ngg-album-desc' title='Fenntarthat\u00f3s\u00e1gi t\u00e9mah\u00e9t '\n                       href='http:\/\/altisk-versend.edu.hu\/weboldal\/index.php\/nggallery\/2024-25-os-tanev\/fenntarthatosagi-temahet-2?page_id=6257'style=\"max-width: 260px\">Fenntarthat\u00f3s\u00e1gi t\u00e9mah\u00e9t <\/a>\n            <\/h4>\n            <p class=\"ngg-album-gallery-image-counter\">\n                                    <strong>20<\/strong>&nbsp;F\u00e9nyk\u00e9p                            <\/p>\n        <\/div>\n            <div class=\"ngg-album-compact\">\n            <div class=\"ngg-album-compactbox\">\n                <div class=\"ngg-album-link\">\n                                        <a title='Magyar Zene H\u00e1za'\n                       href='http:\/\/altisk-versend.edu.hu\/weboldal\/index.php\/nggallery\/2024-25-os-tanev\/magyar-zene-haza?page_id=6257'>\n                        <img class=\"Thumb\"\n                             alt=\"Magyar Zene H\u00e1za\"\n                             src=\"http:\/\/altisk-versend.edu.hu\/weboldal\/wp-content\/gallery\/magyar-zene-haza\/cache\/496227186_2855139111335846_5637677648261838927_n.jpg-nggid044751-ngg0dyn-240x160x100-00f0w010c011r110f110r010t010.jpg\"\/>\n                    <\/a>\n                                    <\/div>\n            <\/div>\n                        <h4>\n                <a class='ngg-album-desc' title='Magyar Zene H\u00e1za'\n                       href='http:\/\/altisk-versend.edu.hu\/weboldal\/index.php\/nggallery\/2024-25-os-tanev\/magyar-zene-haza?page_id=6257'style=\"max-width: 260px\">Magyar Zene H\u00e1za<\/a>\n            <\/h4>\n            <p class=\"ngg-album-gallery-image-counter\">\n                                    <strong>17<\/strong>&nbsp;F\u00e9nyk\u00e9p                            <\/p>\n        <\/div>\n            <div class=\"ngg-album-compact\">\n            <div class=\"ngg-album-compactbox\">\n                <div class=\"ngg-album-link\">\n                                        <a title='Szakmaismereti verseny-G\u00e9p\u00e9sz'\n                       href='http:\/\/altisk-versend.edu.hu\/weboldal\/index.php\/nggallery\/2024-25-os-tanev\/szakmaismereti-verseny-gepesz?page_id=6257'>\n                        <img class=\"Thumb\"\n                             alt=\"Szakmaismereti verseny-G\u00e9p\u00e9sz\"\n                             src=\"http:\/\/altisk-versend.edu.hu\/weboldal\/wp-content\/gallery\/szakmaismereti-verseny-gepesz\/cache\/494985741_1105083991662367_4215343994493479600_n.jpg-nggid044771-ngg0dyn-240x160x100-00f0w010c011r110f110r010t010.jpg\"\/>\n                    <\/a>\n                                    <\/div>\n            <\/div>\n                        <h4>\n                <a class='ngg-album-desc' title='Szakmaismereti verseny-G\u00e9p\u00e9sz'\n                       href='http:\/\/altisk-versend.edu.hu\/weboldal\/index.php\/nggallery\/2024-25-os-tanev\/szakmaismereti-verseny-gepesz?page_id=6257'style=\"max-width: 260px\">Szakmaismereti verseny-G\u00e9p\u00e9sz<\/a>\n            <\/h4>\n            <p class=\"ngg-album-gallery-image-counter\">\n                                    <strong>16<\/strong>&nbsp;F\u00e9nyk\u00e9p                            <\/p>\n        <\/div>\n            <div class=\"ngg-album-compact\">\n            <div class=\"ngg-album-compactbox\">\n                <div class=\"ngg-album-link\">\n                                        <a title='Hars\u00e1ny hegyi csata'\n                       href='http:\/\/altisk-versend.edu.hu\/weboldal\/index.php\/nggallery\/2024-25-os-tanev\/harsany-hegyi-csata?page_id=6257'>\n                        <img class=\"Thumb\"\n                             alt=\"Hars\u00e1ny hegyi csata\"\n                             src=\"http:\/\/altisk-versend.edu.hu\/weboldal\/wp-content\/gallery\/harsany-hegyi-csata\/cache\/IMG_9407.JPG-nggid044793-ngg0dyn-240x160x100-00f0w010c011r110f110r010t010.JPG\"\/>\n                    <\/a>\n                                    <\/div>\n            <\/div>\n                        <h4>\n                <a class='ngg-album-desc' title='Hars\u00e1ny hegyi csata'\n                       href='http:\/\/altisk-versend.edu.hu\/weboldal\/index.php\/nggallery\/2024-25-os-tanev\/harsany-hegyi-csata?page_id=6257'style=\"max-width: 260px\">Hars\u00e1ny hegyi csata<\/a>\n            <\/h4>\n            <p class=\"ngg-album-gallery-image-counter\">\n                                    <strong>35<\/strong>&nbsp;F\u00e9nyk\u00e9p                            <\/p>\n        <\/div>\n            <div class=\"ngg-album-compact\">\n            <div class=\"ngg-album-compactbox\">\n                <div class=\"ngg-album-link\">\n                                        <a title='Szakmaismereti verseny, \u00c9p\u00edt\u00e9sz'\n                       href='http:\/\/altisk-versend.edu.hu\/weboldal\/index.php\/nggallery\/2024-25-os-tanev\/szakmaismereti-verseny-epitesz?page_id=6257'>\n                        <img class=\"Thumb\"\n                             alt=\"Szakmaismereti verseny, \u00c9p\u00edt\u00e9sz\"\n                             src=\"http:\/\/altisk-versend.edu.hu\/weboldal\/wp-content\/gallery\/szakmaismereti-verseny-epitesz\/cache\/497636941_2859179620931795_1221734307577041490_n.jpg-nggid044828-ngg0dyn-240x160x100-00f0w010c011r110f110r010t010.jpg\"\/>\n                    <\/a>\n                                    <\/div>\n            <\/div>\n                        <h4>\n                <a class='ngg-album-desc' title='Szakmaismereti verseny, \u00c9p\u00edt\u00e9sz'\n                       href='http:\/\/altisk-versend.edu.hu\/weboldal\/index.php\/nggallery\/2024-25-os-tanev\/szakmaismereti-verseny-epitesz?page_id=6257'style=\"max-width: 260px\">Szakmaismereti verseny, \u00c9p\u00edt\u00e9sz<\/a>\n            <\/h4>\n            <p class=\"ngg-album-gallery-image-counter\">\n                                    <strong>10<\/strong>&nbsp;F\u00e9nyk\u00e9p                            <\/p>\n        <\/div>\n            <div class=\"ngg-album-compact\">\n            <div class=\"ngg-album-compactbox\">\n                <div class=\"ngg-album-link\">\n                                        <a title='Madarak \u00e9s f\u00e1k napja'\n                       href='http:\/\/altisk-versend.edu.hu\/weboldal\/index.php\/nggallery\/2024-25-os-tanev\/madarak-es-fak-napja?page_id=6257'>\n                        <img class=\"Thumb\"\n                             alt=\"Madarak \u00e9s f\u00e1k napja\"\n                             src=\"http:\/\/altisk-versend.edu.hu\/weboldal\/wp-content\/gallery\/madarak-es-fak-napja\/cache\/502468686_2873351079514649_4584837681460498196_n.jpg-nggid044839-ngg0dyn-240x160x100-00f0w010c011r110f110r010t010.jpg\"\/>\n                    <\/a>\n                                    <\/div>\n            <\/div>\n                        <h4>\n                <a class='ngg-album-desc' title='Madarak \u00e9s f\u00e1k napja'\n                       href='http:\/\/altisk-versend.edu.hu\/weboldal\/index.php\/nggallery\/2024-25-os-tanev\/madarak-es-fak-napja?page_id=6257'style=\"max-width: 260px\">Madarak \u00e9s f\u00e1k napja<\/a>\n            <\/h4>\n            <p class=\"ngg-album-gallery-image-counter\">\n                                    <strong>54<\/strong>&nbsp;F\u00e9nyk\u00e9p                            <\/p>\n        <\/div>\n            <div class=\"ngg-album-compact\">\n            <div class=\"ngg-album-compactbox\">\n                <div class=\"ngg-album-link\">\n                                        <a title='\u00c1llatkert \u00e9s Meseerd\u0151'\n                       href='http:\/\/altisk-versend.edu.hu\/weboldal\/index.php\/nggallery\/2024-25-os-tanev\/allatkert-es-meseerdo?page_id=6257'>\n                        <img class=\"Thumb\"\n                             alt=\"\u00c1llatkert \u00e9s Meseerd\u0151\"\n                             src=\"http:\/\/altisk-versend.edu.hu\/weboldal\/wp-content\/gallery\/allatkert-es-meseerdo\/cache\/506289615_2887244538125303_6607621275075121540_n.jpg-nggid044984-ngg0dyn-240x160x100-00f0w010c011r110f110r010t010.jpg\"\/>\n                    <\/a>\n                                    <\/div>\n            <\/div>\n                        <h4>\n                <a class='ngg-album-desc' title='\u00c1llatkert \u00e9s Meseerd\u0151'\n                       href='http:\/\/altisk-versend.edu.hu\/weboldal\/index.php\/nggallery\/2024-25-os-tanev\/allatkert-es-meseerdo?page_id=6257'style=\"max-width: 260px\">\u00c1llatkert \u00e9s Meseerd\u0151<\/a>\n            <\/h4>\n            <p class=\"ngg-album-gallery-image-counter\">\n                                    <strong>32<\/strong>&nbsp;F\u00e9nyk\u00e9p                            <\/p>\n        <\/div>\n            <div class=\"ngg-album-compact\">\n            <div class=\"ngg-album-compactbox\">\n                <div class=\"ngg-album-link\">\n                                        <a title='B\u00fas\u00f3nap 5.o'\n                       href='http:\/\/altisk-versend.edu.hu\/weboldal\/index.php\/nggallery\/2024-25-os-tanev\/busonap-5-o?page_id=6257'>\n                        <img class=\"Thumb\"\n                             alt=\"B\u00fas\u00f3nap 5.o\"\n                             src=\"http:\/\/altisk-versend.edu.hu\/weboldal\/wp-content\/gallery\/busonap-5-o\/cache\/506352474_2887307438119013_2974293452736820990_n.jpg-nggid044950-ngg0dyn-240x160x100-00f0w010c011r110f110r010t010.jpg\"\/>\n                    <\/a>\n                                    <\/div>\n            <\/div>\n                        <h4>\n                <a class='ngg-album-desc' title='B\u00fas\u00f3nap 5.o'\n                       href='http:\/\/altisk-versend.edu.hu\/weboldal\/index.php\/nggallery\/2024-25-os-tanev\/busonap-5-o?page_id=6257'style=\"max-width: 260px\">B\u00fas\u00f3nap 5.o<\/a>\n            <\/h4>\n            <p class=\"ngg-album-gallery-image-counter\">\n                                    <strong>32<\/strong>&nbsp;F\u00e9nyk\u00e9p                            <\/p>\n        <\/div>\n            <div class=\"ngg-album-compact\">\n            <div class=\"ngg-album-compactbox\">\n                <div class=\"ngg-album-link\">\n                                        <a title='Sportnap '\n                       href='http:\/\/altisk-versend.edu.hu\/weboldal\/index.php\/nggallery\/2024-25-os-tanev\/sportnap-2026?page_id=6257'>\n                        <img class=\"Thumb\"\n                             alt=\"Sportnap \"\n                             src=\"http:\/\/altisk-versend.edu.hu\/weboldal\/wp-content\/gallery\/sportnap-2025\/cache\/inbound4970395332142753987.jpg-nggid044888-ngg0dyn-240x160x100-00f0w010c011r110f110r010t010.jpg\"\/>\n                    <\/a>\n                                    <\/div>\n            <\/div>\n                        <h4>\n                <a class='ngg-album-desc' title='Sportnap '\n                       href='http:\/\/altisk-versend.edu.hu\/weboldal\/index.php\/nggallery\/2024-25-os-tanev\/sportnap-2026?page_id=6257'style=\"max-width: 260px\">Sportnap <\/a>\n            <\/h4>\n            <p class=\"ngg-album-gallery-image-counter\">\n                                    <strong>1<\/strong>&nbsp;F\u00e9nyk\u00e9p                            <\/p>\n        <\/div>\n            <div class=\"ngg-album-compact\">\n            <div class=\"ngg-album-compactbox\">\n                <div class=\"ngg-album-link\">\n                                        <a title='Sportnap '\n                       href='http:\/\/altisk-versend.edu.hu\/weboldal\/index.php\/nggallery\/2024-25-os-tanev\/sportnap-2028?page_id=6257'>\n                        <img class=\"Thumb\"\n                             alt=\"Sportnap \"\n                             src=\"http:\/\/altisk-versend.edu.hu\/weboldal\/wp-content\/gallery\/sportnap-2024\/cache\/506472837_2891065897743167_3787885952589552624_n.jpg-nggid044893-ngg0dyn-240x160x100-00f0w010c011r110f110r010t010.jpg\"\/>\n                    <\/a>\n                                    <\/div>\n            <\/div>\n                        <h4>\n                <a class='ngg-album-desc' title='Sportnap '\n                       href='http:\/\/altisk-versend.edu.hu\/weboldal\/index.php\/nggallery\/2024-25-os-tanev\/sportnap-2028?page_id=6257'style=\"max-width: 260px\">Sportnap <\/a>\n            <\/h4>\n            <p class=\"ngg-album-gallery-image-counter\">\n                                    <strong>60<\/strong>&nbsp;F\u00e9nyk\u00e9p                            <\/p>\n        <\/div>\n        <br class=\"ngg-clear\"\/>\n    <div class='ngg-clear'><\/div><\/div>\n\n","protected":false},"excerpt":{"rendered":"","protected":false},"author":1,"featured_media":0,"parent":0,"menu_order":0,"comment_status":"closed","ping_status":"closed","template":"","meta":{"ngg_post_thumbnail":0},"_links":{"self":[{"href":"http:\/\/altisk-versend.edu.hu\/weboldal\/index.php?rest_route=\/wp\/v2\/pages\/6257"}],"collection":[{"href":"http:\/\/altisk-versend.edu.hu\/weboldal\/index.php?rest_route=\/wp\/v2\/pages"}],"about":[{"href":"http:\/\/altisk-versend.edu.hu\/weboldal\/index.php?rest_route=\/wp\/v2\/types\/page"}],"author":[{"embeddable":true,"href":"http:\/\/altisk-versend.edu.hu\/weboldal\/index.php?rest_route=\/wp\/v2\/users\/1"}],"replies":[{"embeddable":true,"href":"http:\/\/altisk-versend.edu.hu\/weboldal\/index.php?rest_route=%2Fwp%2Fv2%2Fcomments&post=6257"}],"version-history":[{"count":6,"href":"http:\/\/altisk-versend.edu.hu\/weboldal\/index.php?rest_route=\/wp\/v2\/pages\/6257\/revisions"}],"predecessor-version":[{"id":6932,"href":"http:\/\/altisk-versend.edu.hu\/weboldal\/index.php?rest_route=\/wp\/v2\/pages\/6257\/revisions\/6932"}],"wp:attachment":[{"href":"http:\/\/altisk-versend.edu.hu\/weboldal\/index.php?rest_route=%2Fwp%2Fv2%2Fmedia&parent=6257"}],"curies":[{"name":"wp","href":"https:\/\/api.w.org\/{rel}","templated":true}]}}