{"id":3913,"date":"2021-09-29T11:13:16","date_gmt":"2021-09-29T09:13:16","guid":{"rendered":"http:\/\/altisk-versend.sulinet.hu\/weboldal\/?page_id=3913"},"modified":"2021-09-29T11:14:13","modified_gmt":"2021-09-29T09:14:13","slug":"2021-2022-es-tanev","status":"publish","type":"page","link":"http:\/\/altisk-versend.edu.hu\/weboldal\/?page_id=3913","title":{"rendered":"2021\/22-es tan\u00e9v"},"content":{"rendered":"\n<div class=\"ngg-albumoverview\">\n            <div class=\"ngg-album\">\n            <div class=\"ngg-albumtitle\">\n                <a class='gallery_link' href='http:\/\/altisk-versend.edu.hu\/weboldal\/index.php\/nggallery\/2021-22-es-tanev\/sportnap-2022?page_id=3913'>Sportnap 2022<\/a>\n            <\/div>\n            <div class=\"ngg-albumcontent\">\n                <div class=\"ngg-thumbnail\">\n                    <a class='gallery_link' href='http:\/\/altisk-versend.edu.hu\/weboldal\/index.php\/nggallery\/2021-22-es-tanev\/sportnap-2022?page_id=3913'>\n                        <img class=\"Thumb\"\n                             alt=\"Sportnap 2022\"\n                             src=\"http:\/\/altisk-versend.edu.hu\/weboldal\/wp-content\/gallery\/sportnap-2022\/cache\/DSC01541.JPG-nggid043270-ngg0dyn-91x68-00f0w010c011r110f110r010t010.JPG\"\/>\n                    <\/a>\n                <\/div>\n                <div class=\"ngg-description\">\n                    <p><\/p>\n                                            <p class=\"ngg-album-gallery-image-counter\"><strong>91<\/strong>&nbsp;F\u00e9nyk\u00e9p<\/p>\n                                    <\/div>\n            <\/div>\n        <\/div>\n            <div class=\"ngg-album\">\n            <div class=\"ngg-albumtitle\">\n                <a class='gallery_link' href='http:\/\/altisk-versend.edu.hu\/weboldal\/index.php\/nggallery\/2021-22-es-tanev\/alcsutdobozi-kiranduas-2022-06-03?page_id=3913'>Alcs\u00fatdobozi kir\u00e1ndu\u00e1s 2022. 06. 03.<\/a>\n            <\/div>\n            <div class=\"ngg-albumcontent\">\n                <div class=\"ngg-thumbnail\">\n                    <a class='gallery_link' href='http:\/\/altisk-versend.edu.hu\/weboldal\/index.php\/nggallery\/2021-22-es-tanev\/alcsutdobozi-kiranduas-2022-06-03?page_id=3913'>\n                        <img class=\"Thumb\"\n                             alt=\"Alcs\u00fatdobozi kir\u00e1ndu\u00e1s 2022. 06. 03.\"\n                             src=\"http:\/\/altisk-versend.edu.hu\/weboldal\/wp-content\/gallery\/alcsutdobozi-kiranduas-2022-06-03\/cache\/kir11.jpg-nggid043261-ngg0dyn-91x68-00f0w010c011r110f110r010t010.jpg\"\/>\n                    <\/a>\n                <\/div>\n                <div class=\"ngg-description\">\n                    <p>Iskol\u00e1nk 34 tanul\u00f3ja 2022. 06. 03.-\u00e1n Alcs\u00fatdobozra kir\u00e1ndult. A kir\u00e1ndul\u00e1s vid\u00e1m hangulatban telt. Alcs\u00fatdobozon a gyerekeknek lehet\u0151s\u00e9g\u00fck volt haszn\u00e1lni a Kalandparkot, ahol finom pizza, \u00fcd\u00edt\u0151, j\u00e9gkr\u00e9m is v\u00e1rta a gyerekeket. Hazaindul\u00e1s el\u0151tt s\u00e9t\u00e1ltunk egyet az Arbor\u00e9tumban. <\/p>\n                                            <p class=\"ngg-album-gallery-image-counter\"><strong>11<\/strong>&nbsp;F\u00e9nyk\u00e9p<\/p>\n                                    <\/div>\n            <\/div>\n        <\/div>\n            <div class=\"ngg-album\">\n            <div class=\"ngg-albumtitle\">\n                <a class='gallery_link' href='http:\/\/altisk-versend.edu.hu\/weboldal\/index.php\/nggallery\/2021-22-es-tanev\/also-tagozatos-szavaloverseny?page_id=3913'>Als\u00f3 tagozatos szaval\u00f3verseny<\/a>\n            <\/div>\n            <div class=\"ngg-albumcontent\">\n                <div class=\"ngg-thumbnail\">\n                    <a class='gallery_link' href='http:\/\/altisk-versend.edu.hu\/weboldal\/index.php\/nggallery\/2021-22-es-tanev\/also-tagozatos-szavaloverseny?page_id=3913'>\n                        <img class=\"Thumb\"\n                             alt=\"Als\u00f3 tagozatos szaval\u00f3verseny\"\n                             src=\"http:\/\/altisk-versend.edu.hu\/weboldal\/wp-content\/gallery\/also-tagozatos-szavaloverseny\/cache\/DSC01432.JPG-nggid043217-ngg0dyn-91x68-00f0w010c011r110f110r010t010.JPG\"\/>\n                    <\/a>\n                <\/div>\n                <div class=\"ngg-description\">\n                    <p><\/p>\n                                            <p class=\"ngg-album-gallery-image-counter\"><strong>28<\/strong>&nbsp;F\u00e9nyk\u00e9p<\/p>\n                                    <\/div>\n            <\/div>\n        <\/div>\n            <div class=\"ngg-album\">\n            <div class=\"ngg-albumtitle\">\n                <a class='gallery_link' href='http:\/\/altisk-versend.edu.hu\/weboldal\/index.php\/nggallery\/2021-22-es-tanev\/nagycsoportos-ovodasok-az-iskolaban?page_id=3913'>Nagycsoportos \u00d3vod\u00e1sok az iskol\u00e1ban<\/a>\n            <\/div>\n            <div class=\"ngg-albumcontent\">\n                <div class=\"ngg-thumbnail\">\n                    <a class='gallery_link' href='http:\/\/altisk-versend.edu.hu\/weboldal\/index.php\/nggallery\/2021-22-es-tanev\/nagycsoportos-ovodasok-az-iskolaban?page_id=3913'>\n                        <img class=\"Thumb\"\n                             alt=\"Nagycsoportos \u00d3vod\u00e1sok az iskol\u00e1ban\"\n                             src=\"http:\/\/altisk-versend.edu.hu\/weboldal\/wp-content\/gallery\/nagycsoportos-ovodasok-az-iskolaban\/cache\/DSC01394.JPG-nggid043245-ngg0dyn-91x68-00f0w010c011r110f110r010t010.JPG\"\/>\n                    <\/a>\n                <\/div>\n                <div class=\"ngg-description\">\n                    <p>A nagycsoportos \u00d3vod\u00e1sok egy k\u00f6z\u00f6s tan\u00f3r\u00e1t t\u00f6lt\u00f6ttek el, melyben belekostolhattak az iskolai \u00e9letbe.<\/p>\n                                            <p class=\"ngg-album-gallery-image-counter\"><strong>14<\/strong>&nbsp;F\u00e9nyk\u00e9p<\/p>\n                                    <\/div>\n            <\/div>\n        <\/div>\n            <div class=\"ngg-album\">\n            <div class=\"ngg-albumtitle\">\n                <a class='gallery_link' href='http:\/\/altisk-versend.edu.hu\/weboldal\/index.php\/nggallery\/2021-22-es-tanev\/jelmezes-teadelutan-az-elso-osztalyban?page_id=3913'>Jelmezes tead\u00e9lut\u00e1n az els\u0151 oszt\u00e1lyban<\/a>\n            <\/div>\n            <div class=\"ngg-albumcontent\">\n                <div class=\"ngg-thumbnail\">\n                    <a class='gallery_link' href='http:\/\/altisk-versend.edu.hu\/weboldal\/index.php\/nggallery\/2021-22-es-tanev\/jelmezes-teadelutan-az-elso-osztalyban?page_id=3913'>\n                        <img class=\"Thumb\"\n                             alt=\"Jelmezes tead\u00e9lut\u00e1n az els\u0151 oszt\u00e1lyban\"\n                             src=\"http:\/\/altisk-versend.edu.hu\/weboldal\/wp-content\/gallery\/jelmezes-teadelutan-az-elso-osztalyban\/cache\/IMG_20220321_133239.jpg-nggid043206-ngg0dyn-91x68-00f0w010c011r110f110r010t010.jpg\"\/>\n                    <\/a>\n                <\/div>\n                <div class=\"ngg-description\">\n                    <p>M\u00e1rcius 21-\u00e9n jelmezes tead\u00e9lut\u00e1nt tartottunk az els\u0151 oszt\u00e1lyban. Vet\u00e9lked\u0151kkel, t\u00e1nccal, j\u00e1t\u00e9kkal, j\u00f3 hangulatban telt a d\u00e9lut\u00e1n. <\/p>\n                                            <p class=\"ngg-album-gallery-image-counter\"><strong>11<\/strong>&nbsp;F\u00e9nyk\u00e9p<\/p>\n                                    <\/div>\n            <\/div>\n        <\/div>\n            <div class=\"ngg-album\">\n            <div class=\"ngg-albumtitle\">\n                <a class='gallery_link' href='http:\/\/altisk-versend.edu.hu\/weboldal\/index.php\/nggallery\/2021-22-es-tanev\/iskolanyitogato-foglalkozasok?page_id=3913'>Iskolanyitogat\u00f3 foglalkoz\u00e1sok<\/a>\n            <\/div>\n            <div class=\"ngg-albumcontent\">\n                <div class=\"ngg-thumbnail\">\n                    <a class='gallery_link' href='http:\/\/altisk-versend.edu.hu\/weboldal\/index.php\/nggallery\/2021-22-es-tanev\/iskolanyitogato-foglalkozasok?page_id=3913'>\n                        <img class=\"Thumb\"\n                             alt=\"Iskolanyitogat\u00f3 foglalkoz\u00e1sok\"\n                             src=\"http:\/\/altisk-versend.edu.hu\/weboldal\/wp-content\/gallery\/iskolanyitogato-foglalkozasok\/cache\/Piros-sarga.jpg-nggid043200-ngg0dyn-91x68-00f0w010c011r110f110r010t010.jpg\"\/>\n                    <\/a>\n                <\/div>\n                <div class=\"ngg-description\">\n                    <p>Febru\u00e1r k\u00f6zep\u00e9t\u0151l minden p\u00e9nteken egy\u00f3r\u00e1s j\u00e1t\u00e9kos iskolael\u0151k\u00e9sz\u00edt\u0151 foglalkoz\u00e1son vesznek r\u00e9szt a nagycsoportos \u00f3vod\u00e1sok a Versendi \u00c1ltal\u00e1nos Iskol\u00e1ban.<\/p>\n                                            <p class=\"ngg-album-gallery-image-counter\"><strong>6<\/strong>&nbsp;F\u00e9nyk\u00e9p<\/p>\n                                    <\/div>\n            <\/div>\n        <\/div>\n            <div class=\"ngg-album\">\n            <div class=\"ngg-albumtitle\">\n                <a class='gallery_link' href='http:\/\/altisk-versend.edu.hu\/weboldal\/index.php\/nggallery\/2021-22-es-tanev\/2022-marcius-15-unnepely?page_id=3913'>2022 M\u00e1rcius 15. \u00fcnnep\u00e9ly<\/a>\n            <\/div>\n            <div class=\"ngg-albumcontent\">\n                <div class=\"ngg-thumbnail\">\n                    <a class='gallery_link' href='http:\/\/altisk-versend.edu.hu\/weboldal\/index.php\/nggallery\/2021-22-es-tanev\/2022-marcius-15-unnepely?page_id=3913'>\n                        <img class=\"Thumb\"\n                             alt=\"2022 M\u00e1rcius 15. \u00fcnnep\u00e9ly\"\n                             src=\"http:\/\/altisk-versend.edu.hu\/weboldal\/wp-content\/gallery\/2022-marcius-15-unnepely\/cache\/IMG_20220311_110428.jpg-nggid043177-ngg0dyn-91x68-00f0w010c011r110f110r010t010.jpg\"\/>\n                    <\/a>\n                <\/div>\n                <div class=\"ngg-description\">\n                    <p><\/p>\n                                            <p class=\"ngg-album-gallery-image-counter\"><strong>28<\/strong>&nbsp;F\u00e9nyk\u00e9p<\/p>\n                                    <\/div>\n            <\/div>\n        <\/div>\n            <div class=\"ngg-album\">\n            <div class=\"ngg-albumtitle\">\n                <a class='gallery_link' href='http:\/\/altisk-versend.edu.hu\/weboldal\/index.php\/nggallery\/2021-22-es-tanev\/ovodasok-es-iskolasok-kozos-farsangolasa?page_id=3913'>\u00d3vod\u00e1sok \u00e9s iskol\u00e1sok k\u00f6z\u00f6s farsangol\u00e1sa<\/a>\n            <\/div>\n            <div class=\"ngg-albumcontent\">\n                <div class=\"ngg-thumbnail\">\n                    <a class='gallery_link' href='http:\/\/altisk-versend.edu.hu\/weboldal\/index.php\/nggallery\/2021-22-es-tanev\/ovodasok-es-iskolasok-kozos-farsangolasa?page_id=3913'>\n                        <img class=\"Thumb\"\n                             alt=\"\u00d3vod\u00e1sok \u00e9s iskol\u00e1sok k\u00f6z\u00f6s farsangol\u00e1sa\"\n                             src=\"http:\/\/altisk-versend.edu.hu\/weboldal\/wp-content\/gallery\/ovodasok-es-iskolasok-kozos-farsangolasa\/cache\/DSC01363.JPG-nggid043164-ngg0dyn-91x68-00f0w010c011r110f110r010t010.JPG\"\/>\n                    <\/a>\n                <\/div>\n                <div class=\"ngg-description\">\n                    <p><\/p>\n                                            <p class=\"ngg-album-gallery-image-counter\"><strong>12<\/strong>&nbsp;F\u00e9nyk\u00e9p<\/p>\n                                    <\/div>\n            <\/div>\n        <\/div>\n            <div class=\"ngg-album\">\n            <div class=\"ngg-albumtitle\">\n                <a class='gallery_link' href='http:\/\/altisk-versend.edu.hu\/weboldal\/index.php\/nggallery\/2021-22-es-tanev\/egeszseg-napi-programok-2021-11-10?page_id=3913'>Eg\u00e9szs\u00e9g napi programok 2021.11.10.<\/a>\n            <\/div>\n            <div class=\"ngg-albumcontent\">\n                <div class=\"ngg-thumbnail\">\n                    <a class='gallery_link' href='http:\/\/altisk-versend.edu.hu\/weboldal\/index.php\/nggallery\/2021-22-es-tanev\/egeszseg-napi-programok-2021-11-10?page_id=3913'>\n                        <img class=\"Thumb\"\n                             alt=\"Eg\u00e9szs\u00e9g napi programok 2021.11.10.\"\n                             src=\"http:\/\/altisk-versend.edu.hu\/weboldal\/wp-content\/gallery\/egeszseg-napi-programok\/cache\/DSC01275.JPG-nggid043053-ngg0dyn-91x68-00f0w010c011r110f110r010t010.JPG\"\/>\n                    <\/a>\n                <\/div>\n                <div class=\"ngg-description\">\n                    <p><\/p>\n                                            <p class=\"ngg-album-gallery-image-counter\"><strong>67<\/strong>&nbsp;F\u00e9nyk\u00e9p<\/p>\n                                    <\/div>\n            <\/div>\n        <\/div>\n            <div class=\"ngg-album\">\n            <div class=\"ngg-albumtitle\">\n                <a class='gallery_link' href='http:\/\/altisk-versend.edu.hu\/weboldal\/index.php\/nggallery\/2021-22-es-tanev\/oktober-23-i-unnepseg-4?page_id=3913'>Okt\u00f3ber 23-i \u00fcnneps\u00e9g<\/a>\n            <\/div>\n            <div class=\"ngg-albumcontent\">\n                <div class=\"ngg-thumbnail\">\n                    <a class='gallery_link' href='http:\/\/altisk-versend.edu.hu\/weboldal\/index.php\/nggallery\/2021-22-es-tanev\/oktober-23-i-unnepseg-4?page_id=3913'>\n                        <img class=\"Thumb\"\n                             alt=\"Okt\u00f3ber 23-i \u00fcnneps\u00e9g\"\n                             src=\"http:\/\/altisk-versend.edu.hu\/weboldal\/wp-content\/gallery\/oktober-23-i-unnepseg-1\/cache\/DSC01172.JPG-nggid042963-ngg0dyn-91x68-00f0w010c011r110f110r010t010.JPG\"\/>\n                    <\/a>\n                <\/div>\n                <div class=\"ngg-description\">\n                    <p><\/p>\n                                            <p class=\"ngg-album-gallery-image-counter\"><strong>18<\/strong>&nbsp;F\u00e9nyk\u00e9p<\/p>\n                                    <\/div>\n            <\/div>\n        <\/div>\n            <div class=\"ngg-album\">\n            <div class=\"ngg-albumtitle\">\n                <a class='gallery_link' href='http:\/\/altisk-versend.edu.hu\/weboldal\/index.php\/nggallery\/2021-22-es-tanev\/2021-oktober-22-projekt-nap?page_id=3913'>2021. Okt\u00f3ber 22. Projekt nap<\/a>\n            <\/div>\n            <div class=\"ngg-albumcontent\">\n                <div class=\"ngg-thumbnail\">\n                    <a class='gallery_link' href='http:\/\/altisk-versend.edu.hu\/weboldal\/index.php\/nggallery\/2021-22-es-tanev\/2021-oktober-22-projekt-nap?page_id=3913'>\n                        <img class=\"Thumb\"\n                             alt=\"2021. Okt\u00f3ber 22. Projekt nap\"\n                             src=\"http:\/\/altisk-versend.edu.hu\/weboldal\/wp-content\/gallery\/2021-oktober-23-projekt-nap\/cache\/DSC01194.JPG-nggid042983-ngg0dyn-91x68-00f0w010c011r110f110r010t010.JPG\"\/>\n                    <\/a>\n                <\/div>\n                <div class=\"ngg-description\">\n                    <p><\/p>\n                                            <p class=\"ngg-album-gallery-image-counter\"><strong>69<\/strong>&nbsp;F\u00e9nyk\u00e9p<\/p>\n                                    <\/div>\n            <\/div>\n        <\/div>\n            <div class=\"ngg-album\">\n            <div class=\"ngg-albumtitle\">\n                <a class='gallery_link' href='http:\/\/altisk-versend.edu.hu\/weboldal\/index.php\/nggallery\/2021-22-es-tanev\/pecsi-kirandulas-jatszohaz-mozi-2021-10-14?page_id=3913'>P\u00e9csi kir\u00e1ndul\u00e1s, j\u00e1tsz\u00f3h\u00e1z, mozi 2021.10.14.<\/a>\n            <\/div>\n            <div class=\"ngg-albumcontent\">\n                <div class=\"ngg-thumbnail\">\n                    <a class='gallery_link' href='http:\/\/altisk-versend.edu.hu\/weboldal\/index.php\/nggallery\/2021-22-es-tanev\/pecsi-kirandulas-jatszohaz-mozi-2021-10-14?page_id=3913'>\n                        <img class=\"Thumb\"\n                             alt=\"P\u00e9csi kir\u00e1ndul\u00e1s, j\u00e1tsz\u00f3h\u00e1z, mozi 2021.10.14.\"\n                             src=\"http:\/\/altisk-versend.edu.hu\/weboldal\/wp-content\/gallery\/pecsi-kirandulas-jatszohaz-mozi-2021-10-14\/cache\/IMG_20211014_101206.jpg-nggid043119-ngg0dyn-91x68-00f0w010c011r110f110r010t010.jpg\"\/>\n                    <\/a>\n                <\/div>\n                <div class=\"ngg-description\">\n                    <p><\/p>\n                                            <p class=\"ngg-album-gallery-image-counter\"><strong>45<\/strong>&nbsp;F\u00e9nyk\u00e9p<\/p>\n                                    <\/div>\n            <\/div>\n        <\/div>\n            <div class=\"ngg-album\">\n            <div class=\"ngg-albumtitle\">\n                <a class='gallery_link' href='http:\/\/altisk-versend.edu.hu\/weboldal\/index.php\/nggallery\/2021-22-es-tanev\/europai-diaksport-nap-2021?page_id=3913'>Eur\u00f3pai Di\u00e1ksport Nap 2021<\/a>\n            <\/div>\n            <div class=\"ngg-albumcontent\">\n                <div class=\"ngg-thumbnail\">\n                    <a class='gallery_link' href='http:\/\/altisk-versend.edu.hu\/weboldal\/index.php\/nggallery\/2021-22-es-tanev\/europai-diaksport-nap-2021?page_id=3913'>\n                        <img class=\"Thumb\"\n                             alt=\"Eur\u00f3pai Di\u00e1ksport Nap 2021\"\n                             src=\"http:\/\/altisk-versend.edu.hu\/weboldal\/wp-content\/gallery\/europai-diaksport-nap-2021\/cache\/DSC01138.JPG-nggid042791-ngg0dyn-91x68-00f0w010c011r110f110r010t010.JPG\"\/>\n                    <\/a>\n                <\/div>\n                <div class=\"ngg-description\">\n                    <p><\/p>\n                                            <p class=\"ngg-album-gallery-image-counter\"><strong>101<\/strong>&nbsp;F\u00e9nyk\u00e9p<\/p>\n                                    <\/div>\n            <\/div>\n        <\/div>\n            <div class=\"ngg-album\">\n            <div class=\"ngg-albumtitle\">\n                <a class='gallery_link' href='http:\/\/altisk-versend.edu.hu\/weboldal\/index.php\/nggallery\/2021-22-es-tanev\/tanevnyito-2021-2022?page_id=3913'>Tan\u00e9vnyit\u00f3 2021\/2022<\/a>\n            <\/div>\n            <div class=\"ngg-albumcontent\">\n                <div class=\"ngg-thumbnail\">\n                    <a class='gallery_link' href='http:\/\/altisk-versend.edu.hu\/weboldal\/index.php\/nggallery\/2021-22-es-tanev\/tanevnyito-2021-2022?page_id=3913'>\n                        <img class=\"Thumb\"\n                             alt=\"Tan\u00e9vnyit\u00f3 2021\/2022\"\n                             src=\"http:\/\/altisk-versend.edu.hu\/weboldal\/wp-content\/gallery\/tanev-nyito-2021-2022\/cache\/DSC01134.JPG-nggid042788-ngg0dyn-91x68-00f0w010c011r110f110r010t010.JPG\"\/>\n                    <\/a>\n                <\/div>\n                <div class=\"ngg-description\">\n                    <p><\/p>\n                                            <p class=\"ngg-album-gallery-image-counter\"><strong>4<\/strong>&nbsp;F\u00e9nyk\u00e9p<\/p>\n                                    <\/div>\n            <\/div>\n        <\/div>\n        <div class='ngg-clear'><\/div><\/div>\n\n","protected":false},"excerpt":{"rendered":"","protected":false},"author":1,"featured_media":0,"parent":0,"menu_order":0,"comment_status":"closed","ping_status":"closed","template":"","meta":{"ngg_post_thumbnail":0},"_links":{"self":[{"href":"http:\/\/altisk-versend.edu.hu\/weboldal\/index.php?rest_route=\/wp\/v2\/pages\/3913"}],"collection":[{"href":"http:\/\/altisk-versend.edu.hu\/weboldal\/index.php?rest_route=\/wp\/v2\/pages"}],"about":[{"href":"http:\/\/altisk-versend.edu.hu\/weboldal\/index.php?rest_route=\/wp\/v2\/types\/page"}],"author":[{"embeddable":true,"href":"http:\/\/altisk-versend.edu.hu\/weboldal\/index.php?rest_route=\/wp\/v2\/users\/1"}],"replies":[{"embeddable":true,"href":"http:\/\/altisk-versend.edu.hu\/weboldal\/index.php?rest_route=%2Fwp%2Fv2%2Fcomments&post=3913"}],"version-history":[{"count":2,"href":"http:\/\/altisk-versend.edu.hu\/weboldal\/index.php?rest_route=\/wp\/v2\/pages\/3913\/revisions"}],"predecessor-version":[{"id":3916,"href":"http:\/\/altisk-versend.edu.hu\/weboldal\/index.php?rest_route=\/wp\/v2\/pages\/3913\/revisions\/3916"}],"wp:attachment":[{"href":"http:\/\/altisk-versend.edu.hu\/weboldal\/index.php?rest_route=%2Fwp%2Fv2%2Fmedia&parent=3913"}],"curies":[{"name":"wp","href":"https:\/\/api.w.org\/{rel}","templated":true}]}}