{"id":17,"date":"2017-05-10T06:56:28","date_gmt":"2017-05-10T06:56:28","guid":{"rendered":"http:\/\/altisk-versend.sulinet.hu\/weboldal\/?page_id=17"},"modified":"2024-08-25T18:13:20","modified_gmt":"2024-08-25T16:13:20","slug":"munkatarsak","status":"publish","type":"page","link":"http:\/\/altisk-versend.edu.hu\/weboldal\/?page_id=17","title":{"rendered":"El\u00e9rhet\u0151s\u00e9g"},"content":{"rendered":"\n<iframe loading=\"lazy\" src=\"https:\/\/www.google.com\/maps\/embed?pb=!1m18!1m12!1m3!1d1302.278621377862!2d18.511368158835356!3d45.99542240356889!2m3!1f0!2f0!3f0!3m2!1i1024!2i768!4f13.1!3m3!1m2!1s0x4742cc33c5b2347d%3A0x8a2dc6923f2237bf!2sVersendi+%C3%81ltal%C3%A1nos+Iskola!5e1!3m2!1shu!2shu!4v1506580244231\" width=\"400\" height=\"300\" frameborder=\"0\" style=\"border:0\" allowfullscreen><\/iframe>\n<h2>Versendi \u00c1ltal\u00e1nos Iskola<\/h2>\n<h2>C\u00edm: 7752 Versend, Kossuth Lajos u. 1.<\/h2>\n<h2>Telefonsz\u00e1m: 69\/696-819<\/h2>\n<h2>E-mail: versendsuli@gmail.com<\/h2>\n\n\n\n<hr class=\"wp-block-separator has-alpha-channel-opacity is-style-wide\"\/>\n\n\n\n<p class=\"has-large-font-size\">Iskolapszichol\u00f3gus: Szalai Zolt\u00e1n<\/p>\n\n\n\n<p class=\"has-large-font-size\">Email:&nbsp;<a href=\"mailto:szalai.psy@gmail.com\" target=\"_blank\" rel=\"noreferrer noopener\">szalai.psy@gmail.com<\/a><\/p>\n\n\n\n<p class=\"has-large-font-size\">Mobil: +36 30 743 3806<\/p>\n\n\n\n<hr class=\"wp-block-separator has-alpha-channel-opacity is-style-wide\"\/>\n\n\n\n<p class=\"has-text-align-center has-large-font-size\"><strong>Csenget\u00e9si rend<\/strong><\/p>\n\n\n\n<figure class=\"wp-block-table\"><table class=\"has-fixed-layout\"><thead><tr><th>\u00d3rasz\u00e1m<\/th><th>Kezdete<\/th><th>V\u00e9ge<\/th><\/tr><\/thead><tbody><tr><td>1.<\/td><td>08:05<\/td><td>08:50<\/td><\/tr><tr><td>2.<\/td><td>09:00<\/td><td>09:45<\/td><\/tr><tr><td>3.<\/td><td>10:00<\/td><td>10:45<\/td><\/tr><tr><td>4.<\/td><td>10:55<\/td><td>11:40<\/td><\/tr><tr><td>5.<\/td><td>11:50<\/td><td>12:35<\/td><\/tr><tr><td>6.<\/td><td>12:45<\/td><td>13:30<\/td><\/tr><tr><td>7.<\/td><td>13:30<\/td><td>14:00<\/td><\/tr><tr><td>8.<\/td><td>14:00<\/td><td>15:00<\/td><\/tr><tr><td>9.<\/td><td>15:00<\/td><td>16:00<\/td><\/tr><\/tbody><\/table><\/figure>\n","protected":false},"excerpt":{"rendered":"<p>Versendi \u00c1ltal\u00e1nos Iskola C\u00edm: 7752 Versend, Kossuth Lajos u. 1. Telefonsz\u00e1m: 69\/696-819 E-mail: versendsuli@gmail.com Iskolapszichol\u00f3gus: Szalai Zolt\u00e1n Email:&nbsp;szalai.psy@gmail.com Mobil: +36 30 743 3806 Csenget\u00e9si rend \u00d3rasz\u00e1m Kezdete V\u00e9ge 1. 08:05 08:50 2. 09:00 09:45 3. 10:00 10:45 4. 10:55 11:40 5. 11:50 12:35 6. 12:45 13:30 7. 13:30 14:00 8.\u2026 <a class=\"continue-reading-link\" href=\"http:\/\/altisk-versend.edu.hu\/weboldal\/?page_id=17\"> Continue reading <span class=\"meta-nav\">&rarr; <\/span><\/a><\/p>\n","protected":false},"author":1,"featured_media":0,"parent":0,"menu_order":0,"comment_status":"closed","ping_status":"closed","template":"","meta":{"ngg_post_thumbnail":0},"_links":{"self":[{"href":"http:\/\/altisk-versend.edu.hu\/weboldal\/index.php?rest_route=\/wp\/v2\/pages\/17"}],"collection":[{"href":"http:\/\/altisk-versend.edu.hu\/weboldal\/index.php?rest_route=\/wp\/v2\/pages"}],"about":[{"href":"http:\/\/altisk-versend.edu.hu\/weboldal\/index.php?rest_route=\/wp\/v2\/types\/page"}],"author":[{"embeddable":true,"href":"http:\/\/altisk-versend.edu.hu\/weboldal\/index.php?rest_route=\/wp\/v2\/users\/1"}],"replies":[{"embeddable":true,"href":"http:\/\/altisk-versend.edu.hu\/weboldal\/index.php?rest_route=%2Fwp%2Fv2%2Fcomments&post=17"}],"version-history":[{"count":6,"href":"http:\/\/altisk-versend.edu.hu\/weboldal\/index.php?rest_route=\/wp\/v2\/pages\/17\/revisions"}],"predecessor-version":[{"id":6188,"href":"http:\/\/altisk-versend.edu.hu\/weboldal\/index.php?rest_route=\/wp\/v2\/pages\/17\/revisions\/6188"}],"wp:attachment":[{"href":"http:\/\/altisk-versend.edu.hu\/weboldal\/index.php?rest_route=%2Fwp%2Fv2%2Fmedia&parent=17"}],"curies":[{"name":"wp","href":"https:\/\/api.w.org\/{rel}","templated":true}]}}